ate the remainder when g(-10) is divided by l(3).
24
Let l be -4 + 5 + -4 - (-4)/(-1). Let i(v) = -11*v - 26. What is the remainder when i(l) is divided by 18?
15
Let w(a) = -a + 17. Let c(p) = p**3 - 8*p**2 + 6*p + 8. Let b be c(7). Let k = 10 - b. What is the remainder when w(0) is divided by k?
8
Let v be (30/5)/2 + 0. Suppose -3*o + 77 + 109 = 0. What is the remainder when (1*3)/(v/o) is divided by 21?
20
Let m = 2228 - 2195. What is the remainder when 54 is divided by m?
21
Calculate the remainder when (-5)/(-15) + (-29865)/(-45) is divided by 23.
20
Suppose -86*t + 35674 = 6950. What is the remainder when t is divided by 112?
110
Let v(h) = 6*h - 3. Let o be 3*(-2 + (-8)/(-3)). Let q(i) = 2*i**3 + 14*i**2 - 3*i + 3. What is the remainder when q(-7) is divided by v(o)?
6
Calculate the remainder when 16/24 + (-664)/(-12) is divided by 19.
18
Calculate the remainder when ((-21)/14)/((-4)/40) is divided by 3.
0
What is the remainder when 43 is divided by (-5 - 2)/(20/(-40))?
1
Let c = 27 - 30. Let n(x) = x**2 - 2*x - 6. Let y be n(c). Suppose y = 7*w - 2*w + d, 0 = -3*w + 5*d + 11. Calculate the remainder when 6 is divided by w.
0
Let g(i) = 2*i**2 + 18*i + 2. Let d be g(-13). Suppose 3*r + 3*j - 93 = 0, 4*r - 2*j - 3*j = d. Calculate the remainder when r is divided by 8.
5
Let t(o) = -2*o**3 + 15*o**2 + 9*o. What is the remainder when 9 is divided by t(8)?
1
Let d = 5 + 8. Calculate the remainder when 115 is divided by d.
11
Suppose -4*f + 61 + 123 = 0. Calculate the remainder when f is divided by 12 + 21/(-6) + 300/40.
14
Let y = 11 - 39. Calculate the remainder when (-7)/(y/528) + -3 is divided by 33.
30
Let d = -657 - -709. What is the remainder when d is divided by 12?
4
Calculate the remainder when 143 is divided by (-4)/44 - (-1856)/88.
17
Let n(z) = -3*z + 22. Let l be n(-11). Suppose 4*w + 5*i - 111 = 0, 2*w + 4*i - l = i. What is the remainder when w is divided by 15?
14
Suppose -z = -4*w + 3*z + 52, w - 33 = -3*z. Calculate the remainder when w is divided by 7.
4
Suppose 1 = 2*b - 13. Suppose -4*r - 4*l - 84 = 0, r + b = -4*l - 26. Let i = r + 45. What is the remainder when 138 is divided by i?
26
Calculate the remainder when (-3 - (14 + 101))/(2/(-7)) is divided by 25.
13
Calculate the remainder when (3 - 4 - 325)*(-5)/10 is divided by 11.
9
Suppose 0 = -0*r + 2*r + 2. Calculate the remainder when ((-2)/(-4))/(r/(-62)) is divided by 8.
7
Suppose 4*k = 4*b - b - 64, 5*b - 155 = -3*k. Suppose 0 = -2*d + b. Let o(v) = -v**3 + 13*v**2 + 15*v - 13. What is the remainder when 2 is divided by o(d)?
0
Suppose 3*n - 4*i + 109 = 0, -3*n - i + 7 = 141. Let x = 87 + n. What is the remainder when x is divided by 8?
4
Let l = -193 - -329. Let a = -1255 - -1283. Calculate the remainder when l is divided by a.
24
Let w = 65 + 62. Calculate the remainder when w is divided by (-1)/2*-3 + (-366)/(-12).
31
Suppose 3*g + 15 = 0, 0*w + 853 = 4*w + 3*g. What is the remainder when w is divided by 2*11/(-4)*50/(-5)?
52
Let d = 33 - 32. Let b = 129 - d. Calculate the remainder when b is divided by 26.
24
Let y be 0 - (2 + -1) - -5. Suppose y*u = 5*c - 15 - 37, 5*c + 2*u - 64 = 0. Let b(i) = -6*i - 159. Calculate the remainder when b(-32) is divided by c.
9
Let r(k) = 2*k**3 + 25*k**2 + 12*k. Let h be r(-12). Suppose 4*x - 216 = 4*c, c + h*c + 107 = 2*x. What is the remainder when x is divided by 7?
4
Let p(s) = -7*s. Let z be p(-2). Suppose -5*v = 2*o - z, -5*o - v = v - 35. What is the remainder when o is divided by 3?
1
Suppose 20*p = 23*p - 12. Suppose -3*n - 11 = -p*n. Calculate the remainder when n is divided by 1 + -1 + 0 + 7.
4
Let t be (0 - -1)*(-1 + 6). Suppose 4*b = -3*r + 34, 0 = 3*b - 7*b - t*r + 30. Let p(y) = 2*y**2 + 3*y - 1. What is the remainder when p(-4) is divided by b?
9
Let k = 81 + -43. Calculate the remainder when k is divided by 8.
6
Let v = 24 - 14. Suppose -r + 5*f = -12, 3*r - 4*f - 84 = -f. Let q = r - 14. What is the remainder when q is divided by v?
8
Suppose 0 = -31*a + 32*a - 879. Calculate the remainder when a is divided by 34.
29
Let i(u) = 3*u**3 - 3*u**2 - 3*u - 56. Let w(c) = c**3 - c**2 + 1. Let d(p) = -i(p) + 2*w(p). What is the remainder when d(0) is divided by 20?
18
Suppose -13*v + 990 = 9*v. What is the remainder when 69 is divided by v?
24
Let g(c) = c**2 + 5*c + 2. Let k be g(-3). What is the remainder when 32 is divided by (6/k)/((-15)/170)?
15
Let l(i) = -i**2 - 8*i + 5. Suppose n = 2*h + 17, 53 + 0 = 4*n - 3*h. What is the remainder when l(-5) is divided by n?
9
Suppose 4*z + 56 = -k, 3*z + 36 + 5 = -k. Let m = z - -28. What is the remainder when m is divided by 5?
3
Let n(c) = c**3 - 6*c**2 - 5*c + 8. Let v be n(7). Suppose h = v - 11. What is the remainder when 51 is divided by h?
7
Let a(c) = -3*c - 6. Let i be a(-4). What is the remainder when (8 - i)*(-254)/(-4) is divided by 26?
23
Let p = -299 - -338. Calculate the remainder when p is divided by 14.
11
Let m(h) = -4*h**3 - 6*h**2 - 8*h - 10. Calculate the remainder when 555 is divided by m(-2).
9
Suppose -5*q = 4*o - 89, 0*o + 5*q = 3*o - 23. Suppose 4*k + 299 - 18 = -3*b, 4*k = o. Let h = -39 - b. What is the remainder when h is divided by 21?
18
Suppose -23*b + 211 = -10392. What is the remainder when b is divided by 29?
26
Let o = 9 - 1. Let s be -2*1 + (56 - 11). Suppose -r = 6 - s. Calculate the remainder when r is divided by o.
5
Suppose l - 2 = 3. Let r(a) = 2*a - 6. Let m be r(l). Suppose -37 = -3*j - m. What is the remainder when 20 is divided by j?
9
Let z = 4 - 2. Suppose -6*k + 2*k - z*t - 2 = 0, -k + 7 = -t. Suppose 3*o - 40 = -5*c - k*o, -25 = -5*o. Calculate the remainder when 10 is divided by c.
1
Let w(k) = -k**2 - 131*k - 3632. Suppose 0 = -2*x + 253 + 1. Calculate the remainder when x is divided by w(-40).
7
Let s(r) = 3*r**2 - 5*r + 72. What is the remainder when s(9) is divided by 39?
36
Suppose -4*j = -20, -735 = -41*b + 36*b + 4*j. What is the remainder when b is divided by 78?
73
Let y = -19 + 17. Let z(v) = 7*v**2 - 2*v. Calculate the remainder when z(y) is divided by 12.
8
What is the remainder when -2*875/(-4 - 1) is divided by 68?
10
Let c = 76 - 29. Let a = -30 + c. Let b = -97 - -130. Calculate the remainder when b is divided by a.
16
Let d = 21 + 2. What is the remainder when 28 is divided by d?
5
Let n(o) = 120*o - 211. What is the remainder when n(11) is divided by 30?
29
Let g = -148 + 159. Calculate the remainder when 64 is divided by g.
9
Let h(k) = k**3 - 6*k**2 + 7*k - 2. Let x(f) = -f**2 + 10*f + 6. Calculate the remainder when x(5) is divided by h(5).
7
Suppose -420 = -208*g + 196*g. Calculate the remainder when 138 is divided by g.
33
Suppose -4*b + 5*x = -100, -2*b + 5*x = -33 - 17. Calculate the remainder when 46 is divided by b.
21
Suppose 0 = -5*z + 2*s - 386, -2*s - 162 = 2*z + s. Let g = 140 + z. What is the remainder when g is divided by 13?
10
Let l(p) = -79*p + 1221. Calculate the remainder when 4*(-106)/4*-1 is divided by l(15).
34
Let t(k) = 8*k + 4. Let r be t(2). Let j be 2 - 3/((-12)/r). Suppose -o - j = -2*o. What is the remainder when 25 is divided by o?
4
Suppose -5*u + 5 = -4*u + b, -u = 4*b - 20. Suppose u*p - 3*p = 3*k - 279, -p = -3*k - 97. Calculate the remainder when p is divided by 16.
14
Suppose -4*o - 2*j = -76, 94 = 5*o - j + 13. Let l(u) = -3*u**3 + 3*u**2 + 4*u + 3. Calculate the remainder when l(-2) is divided by o.
14
Calculate the remainder when 22 is divided by (-4)/((-4)/11) + -5.
4
Let d = 696 + 14. Calculate the remainder when d is divided by 21.
17
Let o be (-1 + 2)*7 - 5. Suppose -6*m + 136 = o*m. What is the remainder when 29 is divided by m?
12
Suppose 0 = 58*a - 54*a - 5*q - 2863, -4*q = 4*a - 2872. What is the remainder when a is divided by 30?
27
Suppose -4*o + 10*m = 8*m - 194, 4*o = m + 195. What is the remainder when o is divided by 14?
7
Let n(k) = 3*k**2 - k + 6. What is the remainder when n(3) is divided by 11?
8
Let g = -596 - -641. Suppose -27 = -3*t + 2*t. Calculate the remainder when g is divided by t.
18
Let b(y) = 3*y + 18. Let t be b(-6). Suppose t = -3*q - 2*g - g + 42, 0 = -q + 5*g + 8. Let j(h) = 8*h - 10. Calculate the remainder when j(q) is divided by 24.
22
Let o = -6 + 9. Suppose 5*s - 4*n + 43 = -2*n, 2*n + 29 = -o*s. Calculate the remainder 